*a - a - n + 2*a. Let x(i) = -i**3 + 7*i**2 + 10*i - 10. Let j be x(8). Calculate o(j).
-20
Suppose 2*g - 5*a + 21 = 0, 2*g + g = -3*a. Let c be 2/g*(-2)/(2/3). Let f(x) = 1 + x**2 - x**3 + 0*x**3 + 1. What is f(c)?
-2
Let j(w) = 2*w + 12. Let d be j(0). Let m(h) = 0*h + 8 - 12*h**2 - h**3 - d*h**2 + 18*h**2 + h. What is m(-6)?
2
Let t(g) = 2*g**2 + 22*g + 15. Let w(a) = 3*a**2 + 33*a + 22. Suppose 5*j - 10 = -35. Let v(k) = j*w(k) + 8*t(k). Give v(-8).
-14
Let i(d) = d**2 + 5*d - 12. Let f(v) = -4*v**2 - 17*v + 37. Let m(j) = -2*f(j) - 7*i(j). Calculate m(0).
10
Let l(o) = o**3 + 7*o**2 + 8*o - 11. Let c be l(-5). Let v(d) = -31*d**2 + d + 1. Give v(c).
-31
Suppose 4*n + 0 = 4. Let m(d) = -2*d - n + 4*d + 4. Let u(j) = -j**3 + 7*j**2 - 8*j + 7. Let v be u(6). What is m(v)?
-7
Let w(c) = c - 3. Let x(i) = 2*i**2 + 20*i + 41. Let k be x(-13). Let b = -114 + k. Give w(b).
2
Let y = 369 - 375. Let d(c) = -c**2 - 13*c - 7. Determine d(y).
35
Let s(o) = 211*o**3 + 0 - 212*o**3 + 1 + 0*o - 6*o - 10*o**2 + 3*o**2. Determine s(-6).
1
Let m = 118 - 115. Let k(p) = p - 1. Let l(y) = y - 2. Let z(t) = -5*k(t) + 2*l(t). Determine z(m).
-8
Let y(b) be the second derivative of b**3/6 - 7*b**2 - 36*b + 3. Calculate y(11).
-3
Suppose 0 = -4*t - p + 14, 1 - 17 = -2*t + 4*p. Suppose -v + t = -1. Suppose -12 = -s + v*s. Let y(h) = -3*h - 4. What is y(s)?
5
Let b = -12 - -20. Let o(g) = 35*g + 6*g**2 - 7 - 43*g - g**3 + 3*g**2. Calculate o(b).
-7
Let p(k) = -2*k - 41. Let d be p(-18). Let i(v) = -v**3 - 5*v**2 - 8*v - 4. Calculate i(d).
36
Let w(f) be the first derivative of f**3/3 - 3*f**2 - 42*f + 32. Let x(q) be the first derivative of w(q). What is x(4)?
2
Let v(l) = 8*l + 2 - 3 - 3*l. Let q(i) = -i**3 + 7*i**2 + 11*i - 25. Let o be q(8). Give v(o).
-6
Let f be (2/4)/(11/66). Let k(v) = v**3 - 3*v**2 + 3*v - 1. Let q be k(f). Suppose 0 = -j + 7 - q. Let a(r) = 3*r**3 + r**2 - r - 1. Give a(j).
-2
Let h(a) be the third derivative of -a**4/24 + 3*a**3 - 107*a**2. Calculate h(0).
18
Let q(b) = 4*b**3 + 8*b**2 + 5*b + 3. Let w(g) = -4*g**3 - 6*g**2 - 4*g - 2. Let k(h) = 2*q(h) + 3*w(h). Give k(-2).
28
Let v(j) = 3*j**3 - 2*j**2 - j - 2. Let a be v(2). Let k be (-1)/1*(-12 + -1). Let r = k - a. Let m(s) = -6*s + 1. What is m(r)?
-5
Let p(r) = -r**2 + r - 1. Let a(d) = 3*d**2 + 3*d - 4. Let y(n) = -a(n) + 3*p(n). Let j be 4/(6/3) + -5. Let h be (-1*j/(-3))/1. Give y(h).
-5
Let k(r) = 19*r + 84. Let i be k(-5). Let z(m) = m**3 + 10*m**2 - 10*m + 13. Give z(i).
2
Suppose 4*f - 6 = -z, 2*z + 14 = f + 4*f. Let n(x) = -x**3 + 2*x**2 + x. Give n(z).
14
Let d(t) = 2*t**3 + 7*t**2 - t. Let n be d(-4). Let s(x) = -x**2 - 13*x - 9. Let h be s(n). Let c(o) = -o**h - 11*o + 12*o - 6*o**2 - 3 + 3*o**2. What is c(-3)?
-6
Suppose -3*h - 9*h = 1704. Let d = 138 + h. Let k(g) = -g**3 - 3*g**2 + 2*g - 1. What is k(d)?
7
Suppose 5*l + 60 = 3*w, -3*w - w = -5*l - 60. Let h = l + 78. Let f(c) = h*c**2 - 65*c**2 + 0*c + 2 + 6*c. What is f(-4)?
-6
Let g(m) = 18 - 11*m**2 + 0*m**2 + 12*m**2 - 16*m. What is g(15)?
3
Let w = 22 + -21. Let a(k) be the second derivative of 7*k**5/120 - k**3/3 - 12*k. Let n(v) be the second derivative of a(v). Give n(w).
7
Let w be (-4)/(-22) - 320/(-55). Let b(u) = -3*u + u**3 - 3*u**2 + 3*u - 6*u - 7 - 2*u**2. Determine b(w).
-7
Suppose -5*m = -o - 5, 3*m = 4*o - 3*o + 5. Suppose 0 = 3*w - w. Let y(i) = w*i**3 - i**3 + 6*i - 4*i**2 + 0*i**3. What is y(o)?
-5
Let r be 12/(-8)*8/(-6). Let q(d) = d + 1 - 4 + r + 8. Give q(-5).
2
Let h(q) = q. Let w(m) = m. Let c(i) = 2*i. Let n(v) = 2*c(v) - 5*w(v). Let l(p) = -4*h(p) - 5*n(p). Calculate l(-3).
-3
Let s(u) = -4*u. Let m be (-21)/(-6)*(-48)/84. Calculate s(m).
8
Let t = 21 + -11. Let l(i) = -i**3 + 10*i**2 + i - 5. Determine l(t).
5
Let j(m) = -15*m**3 + 9*m**2 - 6*m - 5. Let o(x) = -x**3 + 2*x**2 - x - 1. Let b(f) = j(f) - 5*o(f). Determine b(-1).
10
Let b(p) = -115*p + 235. Let z be b(2). Let n(k) be the third derivative of z*k**2 - 2/3*k**3 - 1/4*k**4 + 0 + 0*k - 1/10*k**5 - 1/120*k**6. What is n(-5)?
1
Let c(d) = -7*d**2 - 4*d + 8. Let b(z) = -8*z**2 - 3*z + 10. Let s(m) = 6*b(m) - 7*c(m). Suppose -4*q - 42 = 3*n, -16 - 14 = 4*q - 3*n. What is s(q)?
-5
Let v(n) = -n**2 + 4*n - 3. Let l(s) = -s**3 + 7*s**2 + 9*s - 5. Let x be (13 + -9)/(2 - (-3)/(-2)). Let g be l(x). Give v(g).
0
Let s(b) = -b + 2. Suppose -4*j - 10*d - 16 = 0, -10*j + 6*j - 16 = 3*d. Give s(j).
6
Let p = 5118 - 5123. Let j(r) = -3*r + 4*r**2 - 5*r**2 - r + 3. Give j(p).
-2
Let u(i) = -2*i**3 - 2*i**2 - i - 1. Let t be 3*(1 + 35/(-21)). What is u(t)?
9
Let w(v) be the third derivative of -v**5/60 - v**4/3 - 4*v**3/3 - 4*v**2 + 11*v. Let k(c) = 4*c + 1. Let f be k(1). Suppose 0 = -0*d - f*d - 30. Give w(d).
4
Let q(w) = -3*w + 45. Suppose 377 = 46*y - 17*y. Determine q(y).
6
Let t(a) = -a**2 + 7*a - 6. Suppose 3*j - 1 = -4, h + 5*j - 2 = 0. Suppose h*l = 5*l - 4*o + 10, 3*l - 22 = o. Calculate t(l).
-6
Let z(c) be the second derivative of -c**8/6720 - c**7/630 + c**6/240 - 7*c**5/120 - 3*c**4/2 + 14*c. Let y(r) be the third derivative of z(r). Determine y(-5).
3
Let j(h) = -h**2 + 7*h - 10. Let q be j(4). Let d(i) = -7*i**3 + 8*i**2 + 9*i - 9. Let m(y) = y**3 - y**2 - y + 1. Let x(c) = -d(c) - 6*m(c). Determine x(q).
-3
Let k(b) = -2*b**3 - 41*b**2 + 22*b + 17. Let x be k(-21). Let h(n) = -n**3 - 6*n**2 - 4*n + 4. Calculate h(x).
-12
Let i(l) = -46*l - 15 + 93*l - 49*l. Let r be i(-6). Let c(b) = b**3 + 3*b**2 + b - 2. Give c(r).
-5
Let t(y) be the first derivative of -y**2/2 - 23. Let g(o) = -4. Let b(p) = 2*g(p) + 2*t(p). Let m(r) = -r**3 + 6*r**2 - 7*r + 4. Let f be m(5). Determine b(f).
4
Let f(g) be the second derivative of -g**3/2 + 9*g**2/2 - g + 7. Calculate f(-8).
33
Let m(s) = -1726 + 5*s + 3422 - 1714 - s**2. Calculate m(6).
-24
Let r(o) be the first derivative of o**5/60 - 5*o**4/24 - 28*o**3/3 + 29. Let w(n) be the third derivative of r(n). Give w(5).
5
Let i(t) be the first derivative of -t**3/3 - 7*t**2/2 + 49*t - 172. Determine i(4).
5
Let m(x) = -x**3 + 3*x**2 - 3*x + 3. Let k(q) = -q**3 + 44*q**2 + 47*q - 87. Let j be k(45). Determine m(j).
-6
Let c(h) = h**2 - 54*h + 294. Let a be c(48). Let l(x) = 2*x**2 - 14*x + 10. Give l(a).
-2
Let u(c) = c**2 + 3*c + 1. Let r(w) = 4*w**2 + 10*w + 4. Let q = -45 - -47. Let x(i) = q*r(i) - 7*u(i). Give x(0).
1
Let a(x) = 14*x + 9. Let h(v) = -9*v - 5. Let j(q) = 3*a(q) + 5*h(q). Calculate j(-1).
5
Let j(r) = r**2 - 2*r + 3. Let t(a) = a**2 + 10*a + 6. Suppose 0 = -6*v + 5*v - 7. Let i be t(v). Let k be i/(-6) + 5/(-10). Give j(k).
3
Let m(k) = 0*k + 1 - 2 - 1 + k + 5*k. Determine m(3).
16
Let i(v) = 2*v**2 + 2*v - 6. Let s(o) = -3*o**2 - o + 4. Let g(h) = -2*i(h) - 3*s(h). Give g(1).
4
Let j(w) be the second derivative of 1/20*w**5 + 1/6*w**3 + 0 - 6*w + 1/6*w**4 - w**2. Determine j(-2).
-4
Let p(v) = -v**2 + 2. Let h = 110 - 102. Suppose -4 = -n, 2*x - n - h = -2*n. What is p(x)?
-2
Let i(r) = r**3 - r**2 - r + 2. Let p(s) = 2*s**3 - s**2 - 2*s + 7. Let u(v) = 3*i(v) - p(v). Give u(2).
-3
Suppose 0*t = -23*t. Let f = -5 - -7. Let g(d) = d - 3 + d + d**f - 3*d. Give g(t).
-3
Let o(n) = -n**2 + 38*n + 170. Let g be o(42). Let d(x) be the second derivative of 1/12*x**4 - 2*x**g + 7/6*x**3 + 0 - 9*x. What is d(-7)?
-4
Let c(k) = -k + 1. Suppose 8*w - 10*w = -14. Suppose w*n - 5*n = 12. What is c(n)?
-5
Let z be (5 + -5)/(0 - 1). Let g = z + 9. Let i(u) = u**2 + u**2 - u**3 + 14 - 9*u**2 - g. Determine i(-7).
5
Let y(j) = j - 3. Let m = 171 + -359. Let x be m/60 + 8/60. Calculate y(x).
-6
Let f = -20 + 23. Let k be (1 - -2)/(f/2). Let y be (-9)/k - 6/(-4). Let o(z) = 2*z - 3. Calculate o(y).
-9
Let i(r) be the first derivative of 6 - 1/3*r**3 - 2*r - 7/2*r**2. Let m be i(-6). Let j(h) = -h**3 + 4*h**2 + h + 3. Calculate j(m).
7
Let y be (-4)/(4 + -4 + -2). Suppose -3*q = -7 - y. Let t(z) = 3*z - 10*z + 9*z + q. Calculate t(-3).
-3
Let o(f) be the second derivative of -f**5/20 - f**3/3 - f**2 - 44*f + 1. What is o(-2)?
10
Let y(k) = 9*k**2 - k - 4. Let h(c) = -5*c**2 + 2. Let m(f) = 7*h(f) + 4*y(f). Calculate m(3).
-5
Let s(g) = -g**3 + 8*g**2 - 2*g + 9. Let r = 54 - 52. Suppose 4*w + i + 1 - 36 = 0, -r*w - 3*i + 25 = 0. Calculate s(w).
-7
Let n(w) = 2*w**2 - 3*w - 2. Let s be n(-4). Let 